on factor of w and 80.
10
Suppose -3*k + 26 = -3*f + 206, 4*k = -3*f + 145. What is the greatest common factor of f and 22?
11
Let l = -85 - -120. What is the highest common divisor of l and 5?
5
Let y(d) = -d**2 - d + 1. Let s(n) = 18*n**2 - 6*n + 6. Let k(w) = 2*s(w) - 12*y(w). Let p be k(-1). Calculate the highest common divisor of 6 and p.
6
Let w(q) = q**3 - 18*q**2 - 13*q - 24. Let b be w(19). What is the highest common factor of b and 18?
18
Suppose 2*v = y - 28, -2*y + v + 76 = 17. Calculate the highest common divisor of 12 and y.
6
Let u(w) = -23*w + 2. Suppose 0 = -0*n - 2*n - 4. Let x be u(n). Suppose -q + 54 = 4*k - 3*q, -3*k + 39 = -q. What is the greatest common factor of x and k?
12
Suppose 2*z = -o - o + 170, 0 = 4*z - 4. Let s(v) = 3*v**2 - 2*v - 2. Let j be s(-2). Calculate the highest common divisor of j and o.
14
Suppose b - 56 = -5*o, o - b - 3 = 13. Let i(j) be the first derivative of 2*j**3/3 + 10*j + 1. Let q be i(7). Calculate the greatest common factor of q and o.
12
Suppose 22 + 74 = 3*y. Let d = y - 16. What is the highest common factor of d and 48?
16
Let k be 4/(-16)*6*-2. Calculate the greatest common factor of k and 24.
3
Suppose -4*w + w = -144. Calculate the greatest common factor of 6 and w.
6
Let h(l) = 10*l**2 - 1. Let k be h(-1). What is the highest common factor of k and 54?
9
Suppose -2*l + 2*m = -4, 0*l = 4*l + m + 17. Let y = -1 - l. Let g be y/(-3) - 354/(-18). What is the highest common factor of 133 and g?
19
Let z = 172 + -29. Let x be 3*4/12*z. What is the greatest common factor of 13 and x?
13
Let g be 2 - 3/((-9)/6). Let k = 0 + g. Suppose -2*q = -k*v + 26, -24 = -5*v - 3*q + 14. Calculate the greatest common factor of v and 1.
1
Suppose -5*p = -7 - 3. Let g be (2 - 0 - -4) + -4. Suppose -g*o = -o - 22. Calculate the highest common factor of o and p.
2
Let y(n) = -2*n + 5. Let k be y(-5). Suppose 198 = 4*l - 4*a - 330, -2*l - 5*a = -285. What is the greatest common divisor of l and k?
15
Let c(f) = -f**2 + 16*f - 18. Suppose -2*m = 3*t - 24, 0*t - 12 = -m + t. Let w be c(m). What is the highest common factor of 75 and w?
15
Suppose -5*x = -2 - 33. Let w be x/(-2)*(-11 - 5). What is the greatest common divisor of 14 and w?
14
Let v(q) = -2*q**3 + 5*q**2 - 1. Let j be v(-2). What is the greatest common factor of j and 10?
5
Let c(o) = -o**2 + 8*o - 9. Let l be c(6). Suppose q + 4*m = 22, -4*m + 26 = l*q - 32. What is the highest common divisor of q and 18?
18
Let z(o) = 13*o**3 + o**2 - 3*o + 2. Let f be z(1). Calculate the highest common factor of 104 and f.
13
Let y(a) = 63*a - 7. Let g be y(2). What is the highest common divisor of 34 and g?
17
Let v(r) = r**2 - 11*r - 7. Let i be v(10). Let y = -1 - i. Suppose 2*t + 178 = 2*n - 0*t, -4*t = y. Calculate the greatest common factor of n and 34.
17
Suppose 5*d = -3*r + 168, 3*d = -5*r + 20 + 84. Let i = 1 + 4. Suppose i*v - 52 = 3. What is the greatest common factor of d and v?
11
Let n be (-1)/((-2)/4) + 3. Suppose -n*m - 25 + 95 = 0. Let x(h) = 3*h + 6. Let u be x(5). What is the highest common factor of m and u?
7
Suppose -4*b - b = -10. Suppose b*u + u = 210. Calculate the greatest common factor of 10 and u.
10
Suppose -150 = -2*u - 38. Let h(d) = -d**3 + 8*d**2 + 2*d - 8. Let f = -16 + 24. Let m be h(f). Calculate the greatest common factor of u and m.
8
Suppose -3*w - 968 = -14*w. Calculate the highest common divisor of w and 11.
11
Suppose 0 = -3*l + y + 4, -1 = 4*l - l + 4*y. Let k be -5*l*42/(-3). Calculate the highest common divisor of k and 10.
10
Suppose -3*f = v - 12, -19 = -4*f - 4*v + 5. Let w be (-2)/f + (-80)/(-12). Suppose q + w = 15. Calculate the highest common factor of q and 9.
9
Let s be (-1 - -3) + -2 - -10. Suppose 29 + 151 = 2*g. What is the greatest common divisor of s and g?
10
Let y(a) = a**2 - 7*a + 15. Let t be y(6). What is the highest common factor of 63 and t?
9
Suppose -3*d - 2*d = 45. Let n = d - -15. Calculate the highest common factor of 24 and n.
6
Let l = -58 + 70. Let w be 1/(-4) - 482/(-8). What is the highest common factor of l and w?
12
Let s be (-56)/6*(-9)/2. What is the greatest common factor of 6 and s?
6
Suppose -5*j + 118 = -j - u, 3*u = -4*j + 126. Let b(n) = 53*n - 25. Let y be b(5). What is the highest common divisor of y and j?
30
Let q(r) = 7*r + 2. Let c be q(4). What is the greatest common factor of c and 75?
15
Let a(c) = 2*c**2 - 20*c + 11. Let z be a(15). Calculate the greatest common divisor of z and 23.
23
Suppose 0 = -3*l + 2*l + 15. Let d be (9/l)/(4/20). Suppose 0 = -7*a + 2*a - k + 61, 0 = -5*a + d*k + 77. Calculate the greatest common factor of 143 and a.
13
Let k be 9795/45 - (-4)/(-6). What is the greatest common divisor of k and 31?
31
Let f = 23 + -14. Suppose 0 = -2*d + 2 + 4. Suppose 0 = -4*i - 2*h + 23 + 9, 24 = 2*i - d*h. What is the greatest common divisor of i and f?
9
Suppose 96 = 44*w - 42*w. Suppose 48 = -0*y + 2*y. What is the highest common factor of w and y?
24
Let m = 35 + -23. Let g be (-1)/3 - (-64)/m. Calculate the highest common factor of g and 1.
1
Let l = -24 - -34. What is the highest common divisor of 10 and l?
10
Suppose k = -3*k + 2336. Suppose -3*n + k = 5*f, 2*n = -0*n + 4*f + 404. Calculate the greatest common factor of n and 18.
18
Let b = 2 + -5. Let s be 1*(-4 - 0)*b. Let n(f) = -f + 3. Let m be n(-5). Calculate the greatest common factor of s and m.
4
Let g(f) = f**2 - 6*f + 5. Let b = 3 + 2. Let p be g(b). Let m be (-3)/((-9)/33) + p. Calculate the greatest common divisor of 11 and m.
11
Let p = 48 - -17. Calculate the greatest common divisor of 26 and p.
13
Suppose 0 = -3*v + 33. Let i be 8/2*(-2)/(-2). Suppose k = -i*h + 483, 2*h + 5*k - 238 = k. What is the highest common divisor of v and h?
11
Let i(p) = -p**2 + p - 1. Let s be i(2). Let t be (s + 2)*1*-6. Let r be (-12)/(-9)*(10 + -1). Calculate the greatest common factor of t and r.
6
Suppose 3 = 2*y - u + 9, 0 = 3*u - 6. Let a(h) = -45*h. Let p be a(y). Calculate the greatest common divisor of p and 10.
10
Let z(y) = -2*y - 2. Let v be z(2). Let a(l) = -l + 1. Let w be a(v). Calculate the greatest common factor of w and 28.
7
Let r = 298 - 136. What is the greatest common divisor of r and 18?
18
Suppose -5*c + 110 = 6*c. What is the greatest common divisor of c and 5?
5
Let k(g) = 6*g**3 - 2*g**2 + g + 2. Let z be k(-2). Let n = -40 - z. Let r = n + -6. Calculate the greatest common divisor of r and 5.
5
Let h(t) = 4*t + 2. Let q be h(7). Suppose -2*n = 3*n - q. Let u(i) = i**2 - i. Let k be u(-3). Calculate the highest common divisor of n and k.
6
Suppose -t = -3*b - 18, -2*t - 5*b = -0*b + 8. Let h be 2/(-9) - 100/(-45). What is the greatest common factor of t and h?
2
Suppose 27 = 3*z + 3*v, -4*z - 4*v = -6*z - 12. Suppose 0 = -z*g + 26 + 2. Suppose 13*k + 29 = 211. What is the highest common factor of g and k?
7
Suppose 3*a - 58 - 77 = 0. What is the highest common divisor of a and 405?
45
Let d(m) = m**3 + 3*m**2 - 7*m - 8. Let v be d(-4). Let p be ((-2)/(-4))/((-1)/(-100)). Suppose 3*i = 8*i - p. What is the greatest common divisor of v and i?
2
Suppose -14 = -a + 2*l, 3*l - 49 = -4*a + 40. Let j be a*1*(-2)/(-4). Suppose 2*t = j + 10. What is the greatest common factor of 50 and t?
10
Let u = -2 - -4. Suppose 0 = -h - u + 4. Suppose -t + 5 = -9. Calculate the highest common factor of t and h.
2
Let w be ((-6)/(-10))/((-3)/(-15)). Suppose -w*r = -2*r. Let p be 27 - (1 - r)/(-1). Calculate the greatest common factor of 42 and p.
14
Suppose -17*i + 13*i = -96. Calculate the highest common divisor of 216 and i.
24
Let u(c) = 2*c**2 + 4*c. Let t(y) = -y**2 - 7*y - 3. Let w be t(-7). Let d be u(w). What is the greatest common factor of 30 and d?
6
Let o be (-1 - (4 + -7))/(2/36). What is the highest common factor of 288 and o?
36
Suppose -30 = -5*c - 0*c. Suppose 4*a + 40 = c*a. What is the highest common divisor of a and 50?
10
Suppose x + i + 3 = 0, -x + 2*x = 2*i + 6. Suppose x*f = -2*f. Let z(s) = -s**2 + s + 9. Let t be z(f). What is the greatest common factor of t and 1?
1
Let r = 135 - -12. Calculate the highest common factor of r and 21.
21
Let o be (37 + 2 + -5)/2. Calculate the greatest common divisor of 34 and o.
17
Let c = 125 - 65. Calculate the highest common divisor of 